{"version":"1.0","provider_name":"Conservation de la Faune au Canada","provider_url":"https:\/\/wildlifepreservation.ca\/fr","author_name":"Alex Fernandez","author_url":"https:\/\/wildlifepreservation.ca\/fr\/author\/alexf\/","title":"Plan d\u2019action en mati\u00e8re de conservation - Conservation de la Faune au Canada","type":"rich","width":600,"height":338,"html":"<blockquote class=\"wp-embedded-content\" data-secret=\"TMilSeQIla\"><a href=\"https:\/\/wildlifepreservation.ca\/fr\/plan-daction-en-matiere-de-conservation\/\">Plan d\u2019action en mati\u00e8re de conservation<\/a><\/blockquote><iframe sandbox=\"allow-scripts\" security=\"restricted\" src=\"https:\/\/wildlifepreservation.ca\/fr\/plan-daction-en-matiere-de-conservation\/embed\/#?secret=TMilSeQIla\" width=\"600\" height=\"338\" title=\"&laquo; Plan d\u2019action en mati\u00e8re de conservation &raquo; &#8212; Conservation de la Faune au Canada\" data-secret=\"TMilSeQIla\" frameborder=\"0\" marginwidth=\"0\" marginheight=\"0\" scrolling=\"no\" class=\"wp-embedded-content\"><\/iframe><script type=\"text\/javascript\">\n\/* <![CDATA[ *\/\n\/*! This file is auto-generated *\/\n!function(d,l){\"use strict\";l.querySelector&&d.addEventListener&&\"undefined\"!=typeof URL&&(d.wp=d.wp||{},d.wp.receiveEmbedMessage||(d.wp.receiveEmbedMessage=function(e){var t=e.data;if((t||t.secret||t.message||t.value)&&!\/[^a-zA-Z0-9]\/.test(t.secret)){for(var s,r,n,a=l.querySelectorAll('iframe[data-secret=\"'+t.secret+'\"]'),o=l.querySelectorAll('blockquote[data-secret=\"'+t.secret+'\"]'),c=new RegExp(\"^https?:$\",\"i\"),i=0;i<o.length;i++)o[i].style.display=\"none\";for(i=0;i<a.length;i++)s=a[i],e.source===s.contentWindow&&(s.removeAttribute(\"style\"),\"height\"===t.message?(1e3<(r=parseInt(t.value,10))?r=1e3:~~r<200&&(r=200),s.height=r):\"link\"===t.message&&(r=new URL(s.getAttribute(\"src\")),n=new URL(t.value),c.test(n.protocol))&&n.host===r.host&&l.activeElement===s&&(d.top.location.href=t.value))}},d.addEventListener(\"message\",d.wp.receiveEmbedMessage,!1),l.addEventListener(\"DOMContentLoaded\",function(){for(var e,t,s=l.querySelectorAll(\"iframe.wp-embedded-content\"),r=0;r<s.length;r++)(t=(e=s[r]).getAttribute(\"data-secret\"))||(t=Math.random().toString(36).substring(2,12),e.src+=\"#?secret=\"+t,e.setAttribute(\"data-secret\",t)),e.contentWindow.postMessage({message:\"ready\",secret:t},\"*\")},!1)))}(window,document);\n\/* ]]> *\/\n<\/script>\n","description":"[et_pb_section admin_label=\u00a0\u00bbsection\u00a0\u00bb][et_pb_row admin_label=\u00a0\u00bbRow\u00a0\u00bb][et_pb_column type=\u00a0\u00bb1_4&Prime;][et_pb_sidebar admin_label=\u00a0\u00bbSidebar\u00a0\u00bb orientation=\u00a0\u00bbleft\u00a0\u00bb area=\u00a0\u00bbet_pb_widget_area_5&Prime; background_layout=\u00a0\u00bblight\u00a0\u00bb remove_border=\u00a0\u00bboff\u00a0\u00bb disabled=\u00a0\u00bboff\u00a0\u00bb disabled_on=\u00a0\u00bbon||\u00a0\u00bb] [\/et_pb_sidebar][\/et_pb_column][et_pb_column type=\u00a0\u00bb3_4&Prime;][et_pb_text admin_label=\u00a0\u00bbText\u00a0\u00bb background_layout=\u00a0\u00bblight\u00a0\u00bb text_orientation=\u00a0\u00bbleft\u00a0\u00bb use_border_color=\u00a0\u00bboff\u00a0\u00bb border_color=\u00a0\u00bb#ffffff\u00a0\u00bb border_style=\u00a0\u00bbsolid\u00a0\u00bb] Plan d\u2019action en mati\u00e8re de conservation Notre plan d\u2019action en mati\u00e8re de conservation est fond\u00e9 sur une \u00e9tude annuelle des bases de donn\u00e9es canadiennes du f\u00e9d\u00e9ral et des provinces portant sur les esp\u00e8ces en p\u00e9ril. Nous [&hellip;]"}

Plan d’action en matière de conservation - Conservation de la Faune au Canada

<blockquote class="wp-embedded-content" data-secret="TMilSeQIla"><a href="https://wildlifepreservation.ca/fr/plan-daction-en-matiere-de-conservation/">Plan d’action en matière de conservation</a></blockquote><iframe sandbox="allow-scripts" security="restricted" src="https://wildlifepreservation.ca/fr/plan-daction-en-matiere-de-conservation/embed/#?secret=TMilSeQIla" width="600" height="338" title="&laquo; Plan d’action en matière de conservation &raquo; &#8212; Conservation de la Faune au Canada" data-secret="TMilSeQIla" frameborder="0" marginwidth="0" marginheight="0" scrolling="no" class="wp-embedded-content"></iframe><script type="text/javascript">
/* <![CDATA[ */
/*! This file is auto-generated */
!function(d,l){"use strict";l.querySelector&&d.addEventListener&&"undefined"!=typeof URL&&(d.wp=d.wp||{},d.wp.receiveEmbedMessage||(d.wp.receiveEmbedMessage=function(e){var t=e.data;if((t||t.secret||t.message||t.value)&&!/[^a-zA-Z0-9]/.test(t.secret)){for(var s,r,n,a=l.querySelectorAll('iframe[data-secret="'+t.secret+'"]'),o=l.querySelectorAll('blockquote[data-secret="'+t.secret+'"]'),c=new RegExp("^https?:$","i"),i=0;i<o.length;i++)o[i].style.display="none";for(i=0;i<a.length;i++)s=a[i],e.source===s.contentWindow&&(s.removeAttribute("style"),"height"===t.message?(1e3<(r=parseInt(t.value,10))?r=1e3:~~r<200&&(r=200),s.height=r):"link"===t.message&&(r=new URL(s.getAttribute("src")),n=new URL(t.value),c.test(n.protocol))&&n.host===r.host&&l.activeElement===s&&(d.top.location.href=t.value))}},d.addEventListener("message",d.wp.receiveEmbedMessage,!1),l.addEventListener("DOMContentLoaded",function(){for(var e,t,s=l.querySelectorAll("iframe.wp-embedded-content"),r=0;r<s.length;r++)(t=(e=s[r]).getAttribute("data-secret"))||(t=Math.random().toString(36).substring(2,12),e.src+="#?secret="+t,e.setAttribute("data-secret",t)),e.contentWindow.postMessage({message:"ready",secret:t},"*")},!1)))}(window,document);
/* ]]> */
</script>

[et_pb_section admin_label= »section »][et_pb_row admin_label= »Row »][et_pb_column type= »1_4&Prime;][et_pb_sidebar admin_label= »Sidebar » orientation= »left » area= »et_pb_widget_area_5&Prime; background_layout= »light » remove_border= »off » disabled= »off » disabled_on= »on|| »] [/et_pb_sidebar][/et_pb_column][et_pb_column type= »3_4&Prime;][et_pb_text admin_label= »Text » background_layout= »light » text_orientation= »left » use_border_color= »off » border_color= »#ffffff » border_style= »solid »] Plan d’action en matière de conservation Notre plan d’action en matière de conservation est fondé sur une étude annuelle des bases de données canadiennes du fédéral et des provinces portant sur les espèces en péril. Nous [&hellip;]
